{"id":1325,"date":"2025-06-30T11:58:44","date_gmt":"2025-06-30T11:58:44","guid":{"rendered":"https:\/\/prueba.latorredehortaleza.org\/?page_id=1325"},"modified":"2025-07-07T19:37:50","modified_gmt":"2025-07-07T17:37:50","slug":"historia","status":"publish","type":"page","link":"https:\/\/prueba.latorredehortaleza.org\/?page_id=1325","title":{"rendered":"\u00bfQui\u00e9nes somos?"},"content":{"rendered":"\t\t<div data-elementor-type=\"wp-page\" data-elementor-id=\"1325\" class=\"elementor elementor-1325\">\n\t\t\t\t<div class=\"elementor-element elementor-element-b74b6d6 e-con-full e-flex e-con e-parent\" data-id=\"b74b6d6\" data-element_type=\"container\" data-settings=\"{&quot;background_background&quot;:&quot;classic&quot;}\">\n\t\t\t\t<div class=\"elementor-element elementor-element-bd12131 elementor-widget elementor-widget-heading\" data-id=\"bd12131\" data-element_type=\"widget\" data-widget_type=\"heading.default\">\n\t\t\t\t\t<h2 class=\"elementor-heading-title elementor-size-default\">\u00bfQUI\u00c9NES SOMOS?<\/h2>\t\t\t\t<\/div>\n\t\t\t\t<\/div>\n\t\t<div class=\"elementor-element elementor-element-ea659f6 e-con-full e-flex e-con e-child\" data-id=\"ea659f6\" data-element_type=\"container\" data-settings=\"{&quot;background_background&quot;:&quot;classic&quot;}\">\n\t\t\t\t<\/div>\n\t\t<div class=\"elementor-element elementor-element-f779e73 e-flex e-con-boxed e-con e-parent\" data-id=\"f779e73\" data-element_type=\"container\" data-settings=\"{&quot;background_background&quot;:&quot;classic&quot;,&quot;shape_divider_top&quot;:&quot;triangle-asymmetrical&quot;,&quot;shape_divider_top_negative&quot;:&quot;yes&quot;,&quot;shape_divider_bottom&quot;:&quot;triangle&quot;,&quot;shape_divider_bottom_negative&quot;:&quot;yes&quot;}\">\n\t\t\t\t\t<div class=\"e-con-inner\">\n\t\t\t\t<div class=\"elementor-shape elementor-shape-top\" aria-hidden=\"true\" data-negative=\"true\">\n\t\t\t<svg xmlns=\"http:\/\/www.w3.org\/2000\/svg\" viewBox=\"0 0 1000 100\" preserveAspectRatio=\"none\">\n\t<path class=\"elementor-shape-fill\" d=\"M737.9,94.7L0,0v100h1000V0L737.9,94.7z\"\/>\n<\/svg>\t\t<\/div>\n\t\t\t\t<div class=\"elementor-shape elementor-shape-bottom\" aria-hidden=\"true\" data-negative=\"true\">\n\t\t\t<svg xmlns=\"http:\/\/www.w3.org\/2000\/svg\" viewBox=\"0 0 1000 100\" preserveAspectRatio=\"none\">\n\t<path class=\"elementor-shape-fill\" d=\"M500.2,94.7L0,0v100h1000V0L500.2,94.7z\"\/>\n<\/svg>\t\t<\/div>\n\t\t\t\t<div class=\"elementor-element elementor-element-e50f86b elementor-widget__width-auto elementor-widget elementor-widget-heading\" data-id=\"e50f86b\" data-element_type=\"widget\" data-widget_type=\"heading.default\">\n\t\t\t\t\t<h2 class=\"elementor-heading-title elementor-size-default\">LA TORRE DE HORTALEZA<\/h2>\t\t\t\t<\/div>\n\t\t\t\t<div class=\"elementor-element elementor-element-4d67d86 elementor-widget__width-initial elementor-widget elementor-widget-text-editor\" data-id=\"4d67d86\" data-element_type=\"widget\" data-widget_type=\"text-editor.default\">\n\t\t\t\t\t\t\t\t\t<p style=\"text-align: left;\">\u00a0<span style=\"font-family: 'Open Sans', Helvetica, Arial, sans-serif; font-size: 14px; text-align: start; letter-spacing: 0px;\">La Asociaci\u00f3n Torre de Hortaleza es una asociaci\u00f3n sin \u00e1nimo de lucro formada en su mayor parte por personas voluntarias que, desde 1989, tiene como finalidad la creaci\u00f3n de una red de integraci\u00f3n social en el Distrito de Hortaleza.<\/span><\/p><p style=\"text-align: left;\"><span style=\"font-family: 'Open Sans', Helvetica, Arial, sans-serif; font-size: 14px; letter-spacing: 0px;\">Su labor comienza con el fin de dar respuesta a los problemas del distrito, trabajando la integraci\u00f3n de la infancia y la juventud a trav\u00e9s de la pr\u00e1ctica del baloncesto, llegando a extenderse a las familias de los y las participantes con un enfoque integral que atienda todos los \u00e1mbitos de sus desarrollo, tanto aspectos personales, acad\u00e9micos, familiares como sociales. Trabajando a su vez, de manera paralela, la integraci\u00f3n de minor\u00edas, la igualdad de g\u00e9nero, el desarrollo de la multiculturalidad y la prevenci\u00f3n de la marginaci\u00f3n, entre otros aspectos.<\/span><\/p><p style=\"overflow-wrap: break-word; margin: 0px 0px 1.25rem; padding: 0px; border: 0px; font-variant-numeric: inherit; font-variant-east-asian: inherit; font-variant-alternates: inherit; font-variant-position: inherit; font-variant-emoji: inherit; font-stretch: inherit; font-size: 14px; line-height: inherit; font-family: 'Open Sans', Helvetica, Arial, sans-serif; font-optical-sizing: inherit; font-size-adjust: inherit; font-kerning: inherit; font-feature-settings: inherit; font-variation-settings: inherit; vertical-align: baseline; text-align: start;\">La Torre es una ONG declarada de Utilidad P\u00fablica y acreditada por la Fundaci\u00f3n Lealtad<\/p>\t\t\t\t\t\t\t\t<\/div>\n\t\t\t\t<div class=\"elementor-element elementor-element-248e1c8 elementor-widget__width-initial elementor-widget elementor-widget-video\" data-id=\"248e1c8\" data-element_type=\"widget\" data-settings=\"{&quot;video_type&quot;:&quot;hosted&quot;,&quot;controls&quot;:&quot;yes&quot;}\" data-widget_type=\"video.default\">\n\t\t\t\t\t\t\t<div class=\"e-hosted-video elementor-wrapper elementor-open-inline\">\n\t\t\t\t\t<video class=\"elementor-video\" src=\"http:\/\/prueba.latorredehortaleza.org\/wp-content\/uploads\/2025\/07\/Video-Mediolanum.mp4\" controls=\"\" preload=\"metadata\" controlsList=\"nodownload\" poster=\"http:\/\/prueba.latorredehortaleza.org\/wp-content\/uploads\/2025\/07\/IMG_1188-scaled.jpg\"><\/video>\n\t\t\t\t<\/div>\n\t\t\t\t\t\t<\/div>\n\t\t\t\t\t<\/div>\n\t\t\t\t<\/div>\n\t\t<div class=\"elementor-element elementor-element-9d37bf9 e-con-full e-flex e-con e-child\" data-id=\"9d37bf9\" data-element_type=\"container\" data-settings=\"{&quot;background_background&quot;:&quot;classic&quot;}\">\n\t\t\t\t<\/div>\n\t\t<div class=\"elementor-element elementor-element-ba2129a e-con-full e-flex e-con e-child\" data-id=\"ba2129a\" data-element_type=\"container\" data-settings=\"{&quot;background_background&quot;:&quot;classic&quot;}\">\n\t\t\t\t<\/div>\n\t\t<div class=\"elementor-element elementor-element-72c1333 e-flex e-con-boxed e-con e-parent\" data-id=\"72c1333\" data-element_type=\"container\" data-settings=\"{&quot;background_background&quot;:&quot;classic&quot;}\">\n\t\t\t\t\t<div class=\"e-con-inner\">\n\t\t<div class=\"elementor-element elementor-element-2f28280 e-con-full e-flex e-con e-child\" data-id=\"2f28280\" data-element_type=\"container\">\n\t\t\t\t<div class=\"elementor-element elementor-element-6c4472b elementor-view-default elementor-widget elementor-widget-icon\" data-id=\"6c4472b\" data-element_type=\"widget\" data-widget_type=\"icon.default\">\n\t\t\t\t\t\t\t<div class=\"elementor-icon-wrapper\">\n\t\t\t<div class=\"elementor-icon\">\n\t\t\t<svg aria-hidden=\"true\" class=\"e-font-icon-svg e-fas-bullseye\" viewBox=\"0 0 496 512\" xmlns=\"http:\/\/www.w3.org\/2000\/svg\"><path d=\"M248 8C111.03 8 0 119.03 0 256s111.03 248 248 248 248-111.03 248-248S384.97 8 248 8zm0 432c-101.69 0-184-82.29-184-184 0-101.69 82.29-184 184-184 101.69 0 184 82.29 184 184 0 101.69-82.29 184-184 184zm0-312c-70.69 0-128 57.31-128 128s57.31 128 128 128 128-57.31 128-128-57.31-128-128-128zm0 192c-35.29 0-64-28.71-64-64s28.71-64 64-64 64 28.71 64 64-28.71 64-64 64z\"><\/path><\/svg>\t\t\t<\/div>\n\t\t<\/div>\n\t\t\t\t\t\t<\/div>\n\t\t\t\t<\/div>\n\t\t<div class=\"elementor-element elementor-element-28fd91e e-con-full e-flex e-con e-child\" data-id=\"28fd91e\" data-element_type=\"container\">\n\t\t\t\t<div class=\"elementor-element elementor-element-9d32aa8 elementor-widget__width-auto elementor-widget elementor-widget-heading\" data-id=\"9d32aa8\" data-element_type=\"widget\" data-widget_type=\"heading.default\">\n\t\t\t\t\t<h2 class=\"elementor-heading-title elementor-size-default\">MISI\u00d3N<\/h2>\t\t\t\t<\/div>\n\t\t\t\t<div class=\"elementor-element elementor-element-fd865c9 elementor-widget__width-initial elementor-widget elementor-widget-text-editor\" data-id=\"fd865c9\" data-element_type=\"widget\" data-widget_type=\"text-editor.default\">\n\t\t\t\t\t\t\t\t\t<p>Crear una red social integradora a trav\u00e9s de un proyecto centrado en la infancia, juventud y familias del distrito de Hortaleza tomando como punto de partida el baloncesto y trabajando paralelamente el refuerzo socioeducativo y la atenci\u00f3n sociofamiliar<\/p>\t\t\t\t\t\t\t\t<\/div>\n\t\t\t\t<\/div>\n\t\t<div class=\"elementor-element elementor-element-51d0da8 e-con-full e-flex e-con e-child\" data-id=\"51d0da8\" data-element_type=\"container\">\n\t\t\t\t<div class=\"elementor-element elementor-element-586262f elementor-widget elementor-widget-image\" data-id=\"586262f\" data-element_type=\"widget\" data-widget_type=\"image.default\">\n\t\t\t\t\t\t\t\t\t\t\t\t\t\t\t<img fetchpriority=\"high\" decoding=\"async\" width=\"300\" height=\"238\" src=\"https:\/\/prueba.latorredehortaleza.org\/wp-content\/uploads\/2025\/06\/IMG_0288-300x238.jpg\" class=\"attachment-medium size-medium wp-image-1332\" alt=\"\" srcset=\"https:\/\/prueba.latorredehortaleza.org\/wp-content\/uploads\/2025\/06\/IMG_0288-300x238.jpg 300w, https:\/\/prueba.latorredehortaleza.org\/wp-content\/uploads\/2025\/06\/IMG_0288-1024x811.jpg 1024w, https:\/\/prueba.latorredehortaleza.org\/wp-content\/uploads\/2025\/06\/IMG_0288-768x609.jpg 768w, https:\/\/prueba.latorredehortaleza.org\/wp-content\/uploads\/2025\/06\/IMG_0288-1536x1217.jpg 1536w, https:\/\/prueba.latorredehortaleza.org\/wp-content\/uploads\/2025\/06\/IMG_0288-2048x1623.jpg 2048w\" sizes=\"(max-width: 300px) 100vw, 300px\" \/>\t\t\t\t\t\t\t\t\t\t\t\t\t\t\t<\/div>\n\t\t\t\t<\/div>\n\t\t\t\t\t<\/div>\n\t\t\t\t<\/div>\n\t\t<div class=\"elementor-element elementor-element-e2ea664 e-con-full e-flex e-con e-child\" data-id=\"e2ea664\" data-element_type=\"container\" data-settings=\"{&quot;background_background&quot;:&quot;classic&quot;}\">\n\t\t\t\t<\/div>\n\t\t<div class=\"elementor-element elementor-element-90135d4 e-flex e-con-boxed e-con e-parent\" data-id=\"90135d4\" data-element_type=\"container\" data-settings=\"{&quot;background_background&quot;:&quot;classic&quot;}\">\n\t\t\t\t\t<div class=\"e-con-inner\">\n\t\t<div class=\"elementor-element elementor-element-b7871ae e-con-full e-flex e-con e-child\" data-id=\"b7871ae\" data-element_type=\"container\">\n\t\t\t\t<div class=\"elementor-element elementor-element-ce7655d elementor-view-default elementor-widget elementor-widget-icon\" data-id=\"ce7655d\" data-element_type=\"widget\" data-widget_type=\"icon.default\">\n\t\t\t\t\t\t\t<div class=\"elementor-icon-wrapper\">\n\t\t\t<div class=\"elementor-icon\">\n\t\t\t<svg aria-hidden=\"true\" class=\"e-font-icon-svg e-far-compass\" viewBox=\"0 0 496 512\" xmlns=\"http:\/\/www.w3.org\/2000\/svg\"><path d=\"M347.94 129.86L203.6 195.83a31.938 31.938 0 0 0-15.77 15.77l-65.97 144.34c-7.61 16.65 9.54 33.81 26.2 26.2l144.34-65.97a31.938 31.938 0 0 0 15.77-15.77l65.97-144.34c7.61-16.66-9.54-33.81-26.2-26.2zm-77.36 148.72c-12.47 12.47-32.69 12.47-45.16 0-12.47-12.47-12.47-32.69 0-45.16 12.47-12.47 32.69-12.47 45.16 0 12.47 12.47 12.47 32.69 0 45.16zM248 8C111.03 8 0 119.03 0 256s111.03 248 248 248 248-111.03 248-248S384.97 8 248 8zm0 448c-110.28 0-200-89.72-200-200S137.72 56 248 56s200 89.72 200 200-89.72 200-200 200z\"><\/path><\/svg>\t\t\t<\/div>\n\t\t<\/div>\n\t\t\t\t\t\t<\/div>\n\t\t\t\t<\/div>\n\t\t<div class=\"elementor-element elementor-element-7fdfa60 e-con-full e-flex e-con e-child\" data-id=\"7fdfa60\" data-element_type=\"container\">\n\t\t\t\t<div class=\"elementor-element elementor-element-ff208e9 elementor-widget__width-auto elementor-widget elementor-widget-heading\" data-id=\"ff208e9\" data-element_type=\"widget\" data-widget_type=\"heading.default\">\n\t\t\t\t\t<h2 class=\"elementor-heading-title elementor-size-default\">VISI\u00d3N<\/h2>\t\t\t\t<\/div>\n\t\t\t\t<div class=\"elementor-element elementor-element-1f2dbd3 elementor-widget__width-initial elementor-widget elementor-widget-text-editor\" data-id=\"1f2dbd3\" data-element_type=\"widget\" data-widget_type=\"text-editor.default\">\n\t\t\t\t\t\t\t\t\t<p>Ser una asociaci\u00f3n que promueve la integraci\u00f3n y la cohesi\u00f3n social en el barrio de Hortaleza a trav\u00e9s del trabajo en red con otras organizaciones e instituciones; apoy\u00e1ndose en un voluntariado fuerte, comprometido y formado con visi\u00f3n social y con una estructura interna, sostenible y transparente.<\/p>\t\t\t\t\t\t\t\t<\/div>\n\t\t\t\t<\/div>\n\t\t<div class=\"elementor-element elementor-element-aa2dac9 e-con-full e-flex e-con e-child\" data-id=\"aa2dac9\" data-element_type=\"container\">\n\t\t\t\t<div class=\"elementor-element elementor-element-b937841 elementor-widget elementor-widget-image\" data-id=\"b937841\" data-element_type=\"widget\" data-widget_type=\"image.default\">\n\t\t\t\t\t\t\t\t\t\t\t\t\t\t\t<img decoding=\"async\" width=\"300\" height=\"246\" src=\"https:\/\/prueba.latorredehortaleza.org\/wp-content\/uploads\/2025\/06\/IMG_0003-300x246.jpg\" class=\"attachment-medium size-medium wp-image-1333\" alt=\"\" srcset=\"https:\/\/prueba.latorredehortaleza.org\/wp-content\/uploads\/2025\/06\/IMG_0003-300x246.jpg 300w, https:\/\/prueba.latorredehortaleza.org\/wp-content\/uploads\/2025\/06\/IMG_0003-1024x838.jpg 1024w, https:\/\/prueba.latorredehortaleza.org\/wp-content\/uploads\/2025\/06\/IMG_0003-768x629.jpg 768w, https:\/\/prueba.latorredehortaleza.org\/wp-content\/uploads\/2025\/06\/IMG_0003-1536x1258.jpg 1536w, https:\/\/prueba.latorredehortaleza.org\/wp-content\/uploads\/2025\/06\/IMG_0003-2048x1677.jpg 2048w\" sizes=\"(max-width: 300px) 100vw, 300px\" \/>\t\t\t\t\t\t\t\t\t\t\t\t\t\t\t<\/div>\n\t\t\t\t<\/div>\n\t\t\t\t\t<\/div>\n\t\t\t\t<\/div>\n\t\t<div class=\"elementor-element elementor-element-beb4a7c e-con-full e-flex e-con e-child\" data-id=\"beb4a7c\" data-element_type=\"container\" data-settings=\"{&quot;background_background&quot;:&quot;classic&quot;}\">\n\t\t\t\t<\/div>\n\t\t<div class=\"elementor-element elementor-element-673744b e-flex e-con-boxed e-con e-parent\" data-id=\"673744b\" data-element_type=\"container\" data-settings=\"{&quot;background_background&quot;:&quot;classic&quot;}\">\n\t\t\t\t\t<div class=\"e-con-inner\">\n\t\t<div class=\"elementor-element elementor-element-7892761 e-con-full e-flex e-con e-child\" data-id=\"7892761\" data-element_type=\"container\">\n\t\t\t\t<div class=\"elementor-element elementor-element-7a3b3ac elementor-view-default elementor-widget elementor-widget-icon\" data-id=\"7a3b3ac\" data-element_type=\"widget\" data-widget_type=\"icon.default\">\n\t\t\t\t\t\t\t<div class=\"elementor-icon-wrapper\">\n\t\t\t<div class=\"elementor-icon\">\n\t\t\t<svg aria-hidden=\"true\" class=\"e-font-icon-svg e-far-user-circle\" viewBox=\"0 0 496 512\" xmlns=\"http:\/\/www.w3.org\/2000\/svg\"><path d=\"M248 104c-53 0-96 43-96 96s43 96 96 96 96-43 96-96-43-96-96-96zm0 144c-26.5 0-48-21.5-48-48s21.5-48 48-48 48 21.5 48 48-21.5 48-48 48zm0-240C111 8 0 119 0 256s111 248 248 248 248-111 248-248S385 8 248 8zm0 448c-49.7 0-95.1-18.3-130.1-48.4 14.9-23 40.4-38.6 69.6-39.5 20.8 6.4 40.6 9.6 60.5 9.6s39.7-3.1 60.5-9.6c29.2 1 54.7 16.5 69.6 39.5-35 30.1-80.4 48.4-130.1 48.4zm162.7-84.1c-24.4-31.4-62.1-51.9-105.1-51.9-10.2 0-26 9.6-57.6 9.6-31.5 0-47.4-9.6-57.6-9.6-42.9 0-80.6 20.5-105.1 51.9C61.9 339.2 48 299.2 48 256c0-110.3 89.7-200 200-200s200 89.7 200 200c0 43.2-13.9 83.2-37.3 115.9z\"><\/path><\/svg>\t\t\t<\/div>\n\t\t<\/div>\n\t\t\t\t\t\t<\/div>\n\t\t\t\t<\/div>\n\t\t<div class=\"elementor-element elementor-element-0dd1ce1 e-con-full e-flex e-con e-child\" data-id=\"0dd1ce1\" data-element_type=\"container\">\n\t\t\t\t<div class=\"elementor-element elementor-element-6b1cfa3 elementor-widget__width-auto elementor-widget elementor-widget-heading\" data-id=\"6b1cfa3\" data-element_type=\"widget\" data-widget_type=\"heading.default\">\n\t\t\t\t\t<h2 class=\"elementor-heading-title elementor-size-default\">VALORES<\/h2>\t\t\t\t<\/div>\n\t\t\t\t<div class=\"elementor-element elementor-element-4a95f85 elementor-widget__width-initial elementor-widget elementor-widget-text-editor\" data-id=\"4a95f85\" data-element_type=\"widget\" data-widget_type=\"text-editor.default\">\n\t\t\t\t\t\t\t\t\t<p>Entre nuestros valores destacamos la<strong> igualdad y la integraci\u00f3n, la solidaridad<\/strong> como base para la implicaci\u00f3n social, la prevenci\u00f3n para favorecer el <strong>desarrollo personal<\/strong>, y el compromiso con<strong> entornos seguros y estables<\/strong> para la infancia y la juventud. Apostamos por una educaci\u00f3n integral que proteja los derechos de todos los ni\u00f1os, ni\u00f1as y adolescentes, promoviendo su <strong>participaci\u00f3n activa<\/strong> y creando una red de buen trato desde la responsabilidad compartida del equipo.<\/p>\t\t\t\t\t\t\t\t<\/div>\n\t\t\t\t<\/div>\n\t\t<div class=\"elementor-element elementor-element-1d618a7 e-con-full e-flex e-con e-child\" data-id=\"1d618a7\" data-element_type=\"container\">\n\t\t\t\t<div class=\"elementor-element elementor-element-7a4f785 elementor-widget elementor-widget-image\" data-id=\"7a4f785\" data-element_type=\"widget\" data-widget_type=\"image.default\">\n\t\t\t\t\t\t\t\t\t\t\t\t\t\t\t<img decoding=\"async\" width=\"300\" height=\"237\" src=\"https:\/\/prueba.latorredehortaleza.org\/wp-content\/uploads\/2025\/06\/IMG_0386-300x237.jpg\" class=\"attachment-medium size-medium wp-image-1334\" alt=\"\" srcset=\"https:\/\/prueba.latorredehortaleza.org\/wp-content\/uploads\/2025\/06\/IMG_0386-300x237.jpg 300w, https:\/\/prueba.latorredehortaleza.org\/wp-content\/uploads\/2025\/06\/IMG_0386-1024x810.jpg 1024w, https:\/\/prueba.latorredehortaleza.org\/wp-content\/uploads\/2025\/06\/IMG_0386-768x608.jpg 768w, https:\/\/prueba.latorredehortaleza.org\/wp-content\/uploads\/2025\/06\/IMG_0386-1536x1216.jpg 1536w, https:\/\/prueba.latorredehortaleza.org\/wp-content\/uploads\/2025\/06\/IMG_0386-2048x1621.jpg 2048w\" sizes=\"(max-width: 300px) 100vw, 300px\" \/>\t\t\t\t\t\t\t\t\t\t\t\t\t\t\t<\/div>\n\t\t\t\t<\/div>\n\t\t\t\t\t<\/div>\n\t\t\t\t<\/div>\n\t\t<div class=\"elementor-element elementor-element-b23f64b e-con-full e-flex e-con e-child\" data-id=\"b23f64b\" data-element_type=\"container\" data-settings=\"{&quot;background_background&quot;:&quot;classic&quot;}\">\n\t\t\t\t<\/div>\n\t\t\t\t<\/div>\n\t\t","protected":false},"excerpt":{"rendered":"<p>\u00bfQUI\u00c9NES SOMOS? LA TORRE DE HORTALEZA \u00a0La Asociaci\u00f3n Torre de Hortaleza es una asociaci\u00f3n sin \u00e1nimo de lucro formada en su mayor parte por personas voluntarias que, desde 1989, tiene como finalidad la creaci\u00f3n de una red de integraci\u00f3n social en el Distrito de Hortaleza. Su labor comienza con el fin de dar respuesta a [&hellip;]<\/p>\n","protected":false},"author":1,"featured_media":0,"parent":0,"menu_order":0,"comment_status":"closed","ping_status":"closed","template":"","meta":{"footnotes":""},"class_list":["post-1325","page","type-page","status-publish","hentry"],"_links":{"self":[{"href":"https:\/\/prueba.latorredehortaleza.org\/index.php?rest_route=\/wp\/v2\/pages\/1325","targetHints":{"allow":["GET"]}}],"collection":[{"href":"https:\/\/prueba.latorredehortaleza.org\/index.php?rest_route=\/wp\/v2\/pages"}],"about":[{"href":"https:\/\/prueba.latorredehortaleza.org\/index.php?rest_route=\/wp\/v2\/types\/page"}],"author":[{"embeddable":true,"href":"https:\/\/prueba.latorredehortaleza.org\/index.php?rest_route=\/wp\/v2\/users\/1"}],"replies":[{"embeddable":true,"href":"https:\/\/prueba.latorredehortaleza.org\/index.php?rest_route=%2Fwp%2Fv2%2Fcomments&post=1325"}],"version-history":[{"count":134,"href":"https:\/\/prueba.latorredehortaleza.org\/index.php?rest_route=\/wp\/v2\/pages\/1325\/revisions"}],"predecessor-version":[{"id":3164,"href":"https:\/\/prueba.latorredehortaleza.org\/index.php?rest_route=\/wp\/v2\/pages\/1325\/revisions\/3164"}],"wp:attachment":[{"href":"https:\/\/prueba.latorredehortaleza.org\/index.php?rest_route=%2Fwp%2Fv2%2Fmedia&parent=1325"}],"curies":[{"name":"wp","href":"https:\/\/api.w.org\/{rel}","templated":true}]}}