{"id":1243,"date":"2025-06-26T19:12:07","date_gmt":"2025-06-26T19:12:07","guid":{"rendered":"https:\/\/prueba.latorredehortaleza.org\/?page_id=1243"},"modified":"2025-07-07T15:27:49","modified_gmt":"2025-07-07T13:27:49","slug":"apoyos","status":"publish","type":"page","link":"https:\/\/prueba.latorredehortaleza.org\/?page_id=1243","title":{"rendered":"Entidades Colaboradoras"},"content":{"rendered":"\t\t<div data-elementor-type=\"wp-page\" data-elementor-id=\"1243\" class=\"elementor elementor-1243\">\n\t\t\t\t<div class=\"elementor-element elementor-element-25f2356 e-con-full e-flex e-con e-parent\" data-id=\"25f2356\" data-element_type=\"container\" data-settings=\"{&quot;background_background&quot;:&quot;classic&quot;}\">\n\t\t\t\t<div class=\"elementor-element elementor-element-f0d7062 elementor-widget elementor-widget-heading\" data-id=\"f0d7062\" data-element_type=\"widget\" data-widget_type=\"heading.default\">\n\t\t\t\t\t<h2 class=\"elementor-heading-title elementor-size-default\">TRANSPARENCIA<\/h2>\t\t\t\t<\/div>\n\t\t\t\t<\/div>\n\t\t<div class=\"elementor-element elementor-element-1aa1b48 e-con-full e-flex e-con e-child\" data-id=\"1aa1b48\" data-element_type=\"container\" data-settings=\"{&quot;background_background&quot;:&quot;classic&quot;}\">\n\t\t\t\t<\/div>\n\t\t<div class=\"elementor-element elementor-element-f3d12f7 e-flex e-con-boxed e-con e-parent\" data-id=\"f3d12f7\" data-element_type=\"container\" data-settings=\"{&quot;background_background&quot;:&quot;classic&quot;}\">\n\t\t\t\t\t<div class=\"e-con-inner\">\n\t\t<div class=\"elementor-element elementor-element-4648b0d e-con-full e-flex e-con e-child\" data-id=\"4648b0d\" data-element_type=\"container\">\n\t\t\t\t<\/div>\n\t\t<div class=\"elementor-element elementor-element-59508fd e-con-full e-flex e-con e-child\" data-id=\"59508fd\" data-element_type=\"container\" data-settings=\"{&quot;background_background&quot;:&quot;classic&quot;}\">\n\t\t\t\t<\/div>\n\t\t<div class=\"elementor-element elementor-element-e96f2be e-con-full e-flex e-con e-child\" data-id=\"e96f2be\" data-element_type=\"container\" data-settings=\"{&quot;background_background&quot;:&quot;classic&quot;}\">\n\t\t\t\t<\/div>\n\t\t<div class=\"elementor-element elementor-element-f39a0c8 e-con-full e-flex e-con e-child\" data-id=\"f39a0c8\" data-element_type=\"container\">\n\t\t\t\t<\/div>\n\t\t\t\t\t<\/div>\n\t\t\t\t<\/div>\n\t\t<div class=\"elementor-element elementor-element-8e61dd2 e-con-full e-flex e-con e-child\" data-id=\"8e61dd2\" data-element_type=\"container\" data-settings=\"{&quot;background_background&quot;:&quot;classic&quot;}\">\n\t\t\t\t<\/div>\n\t\t<div class=\"elementor-element elementor-element-8484491 e-flex e-con-boxed e-con e-parent\" data-id=\"8484491\" data-element_type=\"container\" data-settings=\"{&quot;background_background&quot;:&quot;classic&quot;}\">\n\t\t\t\t\t<div class=\"e-con-inner\">\n\t\t<div class=\"elementor-element elementor-element-2843ca6 e-con-full e-flex e-con e-child\" data-id=\"2843ca6\" data-element_type=\"container\">\n\t\t\t\t<\/div>\n\t\t<div class=\"elementor-element elementor-element-3b575db e-con-full e-flex e-con e-child\" data-id=\"3b575db\" data-element_type=\"container\" data-settings=\"{&quot;background_background&quot;:&quot;classic&quot;}\">\n\t\t\t\t<\/div>\n\t\t<div class=\"elementor-element elementor-element-64c4c0f e-con-full e-flex e-con e-child\" data-id=\"64c4c0f\" data-element_type=\"container\" data-settings=\"{&quot;background_background&quot;:&quot;classic&quot;}\">\n\t\t\t\t<\/div>\n\t\t<div class=\"elementor-element elementor-element-0be7c18 e-con-full e-flex e-con e-child\" data-id=\"0be7c18\" data-element_type=\"container\">\n\t\t\t\t<\/div>\n\t\t\t\t\t<\/div>\n\t\t\t\t<\/div>\n\t\t<div class=\"elementor-element elementor-element-992b9bb e-con-full e-flex e-con e-child\" data-id=\"992b9bb\" data-element_type=\"container\" data-settings=\"{&quot;background_background&quot;:&quot;classic&quot;}\">\n\t\t\t\t<\/div>\n\t\t<div class=\"elementor-element elementor-element-99640aa e-con-full e-flex e-con e-child\" data-id=\"99640aa\" data-element_type=\"container\" data-settings=\"{&quot;background_background&quot;:&quot;classic&quot;}\">\n\t\t\t\t<\/div>\n\t\t<div class=\"elementor-element elementor-element-61923e3 e-flex e-con-boxed e-con e-parent\" data-id=\"61923e3\" data-element_type=\"container\" data-settings=\"{&quot;background_background&quot;:&quot;classic&quot;,&quot;shape_divider_top&quot;:&quot;triangle-asymmetrical&quot;,&quot;shape_divider_top_negative&quot;:&quot;yes&quot;,&quot;shape_divider_bottom&quot;:&quot;triangle-asymmetrical&quot;,&quot;shape_divider_bottom_negative&quot;:&quot;yes&quot;}\">\n\t\t\t\t\t<div class=\"e-con-inner\">\n\t\t\t\t<div class=\"elementor-shape elementor-shape-top\" aria-hidden=\"true\" data-negative=\"true\">\n\t\t\t<svg xmlns=\"http:\/\/www.w3.org\/2000\/svg\" viewBox=\"0 0 1000 100\" preserveAspectRatio=\"none\">\n\t<path class=\"elementor-shape-fill\" d=\"M737.9,94.7L0,0v100h1000V0L737.9,94.7z\"\/>\n<\/svg>\t\t<\/div>\n\t\t\t\t<div class=\"elementor-shape elementor-shape-bottom\" aria-hidden=\"true\" data-negative=\"true\">\n\t\t\t<svg xmlns=\"http:\/\/www.w3.org\/2000\/svg\" viewBox=\"0 0 1000 100\" preserveAspectRatio=\"none\">\n\t<path class=\"elementor-shape-fill\" d=\"M737.9,94.7L0,0v100h1000V0L737.9,94.7z\"\/>\n<\/svg>\t\t<\/div>\n\t\t<div class=\"elementor-element elementor-element-8304fb4 e-con-full e-flex e-con e-child\" data-id=\"8304fb4\" data-element_type=\"container\">\n\t\t\t\t<div class=\"elementor-element elementor-element-4ff977e elementor-widget__width-auto elementor-widget elementor-widget-heading\" data-id=\"4ff977e\" data-element_type=\"widget\" data-widget_type=\"heading.default\">\n\t\t\t\t\t<h2 class=\"elementor-heading-title elementor-size-default\">LA TORRE DE HORTALEZA SE FINANCIA POR  DIFERENTES V\u00cdAS<\/h2>\t\t\t\t<\/div>\n\t\t\t\t<\/div>\n\t\t<div class=\"elementor-element elementor-element-3dc2d1b e-con-full e-flex e-con e-child\" data-id=\"3dc2d1b\" data-element_type=\"container\">\n\t\t\t\t<div class=\"elementor-element elementor-element-179e82c elementor-widget__width-auto elementor-widget elementor-widget-text-editor\" data-id=\"179e82c\" data-element_type=\"widget\" data-widget_type=\"text-editor.default\">\n\t\t\t\t\t\t\t\t\t<p data-start=\"260\" data-end=\"483\">La Asociaci\u00f3n recibe el apoyo de diversas instituciones p\u00fablicas y privadas, cuyas aportaciones econ\u00f3micas hacen posible el desarrollo de nuestra actividad asociativa. Nuestra financiaci\u00f3n procede de diversas v\u00edas:<\/p><ul data-start=\"608\" data-end=\"1174\"><li data-start=\"608\" data-end=\"704\"><p data-start=\"610\" data-end=\"704\"><strong data-start=\"610\" data-end=\"641\">Apoyo institucional p\u00fablico<\/strong>, a trav\u00e9s de convocatorias locales, regionales y nacionales.<\/p><\/li><li data-start=\"705\" data-end=\"791\"><p data-start=\"707\" data-end=\"791\"><strong data-start=\"707\" data-end=\"745\">Convenios y convocatorias privadas<\/strong> con fundaciones, obras sociales y empresas.<\/p><\/li><li data-start=\"792\" data-end=\"918\"><p data-start=\"794\" data-end=\"918\"><strong data-start=\"794\" data-end=\"845\">Aportaciones de personas socias y colaboradoras<\/strong>, que realizan contribuciones anuales para impulsar nuestros proyectos.<\/p><\/li><li data-start=\"919\" data-end=\"1015\"><p data-start=\"921\" data-end=\"1015\"><strong data-start=\"921\" data-end=\"935\">Donaciones<\/strong>, tanto econ\u00f3micas como en especie, de particulares y entidades comprometidas.<\/p><\/li><li data-start=\"1016\" data-end=\"1174\"><p data-start=\"1018\" data-end=\"1174\"><strong data-start=\"1018\" data-end=\"1038\">Autofinanciaci\u00f3n<\/strong>, generada a trav\u00e9s de actividades propias como inscripciones, loter\u00eda de Navidad, rifas, campa\u00f1as o eventos solidarios organizados durante el a\u00f1o.<\/p><\/li><\/ul><p><img fetchpriority=\"high\" decoding=\"async\" class=\"size-medium wp-image-2346 aligncenter\" src=\"http:\/\/prueba.latorredehortaleza.org\/wp-content\/uploads\/2025\/07\/Captura-de-pantalla-2025-07-04-130525-300x207.png\" alt=\"\" width=\"300\" height=\"207\" srcset=\"https:\/\/prueba.latorredehortaleza.org\/wp-content\/uploads\/2025\/07\/Captura-de-pantalla-2025-07-04-130525-300x207.png 300w, https:\/\/prueba.latorredehortaleza.org\/wp-content\/uploads\/2025\/07\/Captura-de-pantalla-2025-07-04-130525.png 649w\" sizes=\"(max-width: 300px) 100vw, 300px\" \/><\/p><p data-start=\"1176\" data-end=\"1441\">Queremos agradecer especialmente la colaboraci\u00f3n de los <strong data-start=\"1232\" data-end=\"1253\">centros educativos <\/strong>(<span style=\"color: #000080;\"><a style=\"color: #000080;\" href=\"https:\/\/site.educa.madrid.org\/cp.sanmiguel.madrid\/\" target=\"_blank\" rel=\"noopener\">CEIP San Miguel<\/a><\/span> y <span style=\"color: #000080;\"><a style=\"color: #000080;\" href=\"https:\/\/www.educa2.madrid.org\/web\/centro.cp.pinardelrey.madrid\" target=\"_blank\" rel=\"noopener\">CEIP Pinar del Rey<\/a><\/span>) cuyas instalaciones utilizamos y con los que compartimos iniciativas, as\u00ed como a la <strong data-start=\"1339\" data-end=\"1358\">Junta Municipal<\/strong> <strong>de Hortaleza <\/strong>y a la <strong data-start=\"1366\" data-end=\"1393\">Consejer\u00eda de Educaci\u00f3n<\/strong>, administraciones titulares de dichos espacios.<\/p><p data-start=\"1443\" data-end=\"1627\">Adem\u00e1s, la confianza generada por el <strong data-start=\"1480\" data-end=\"1559\">sello de transparencia y buenas pr\u00e1cticas otorgado por la Fundaci\u00f3n Lealtad<\/strong> ha facilitado la incorporaci\u00f3n de nuevos colaboradores financieros.<\/p>\t\t\t\t\t\t\t\t<\/div>\n\t\t\t\t<\/div>\n\t\t\t\t\t<\/div>\n\t\t\t\t<\/div>\n\t\t<div class=\"elementor-element elementor-element-d6b63c3 e-flex e-con-boxed e-con e-parent\" data-id=\"d6b63c3\" data-element_type=\"container\" data-settings=\"{&quot;background_background&quot;:&quot;classic&quot;}\">\n\t\t\t\t\t<div class=\"e-con-inner\">\n\t\t\t\t<div class=\"elementor-element elementor-element-c109067 elementor-widget__width-auto elementor-arrows-position-inside elementor-pagination-position-outside elementor-widget elementor-widget-image-carousel\" data-id=\"c109067\" data-element_type=\"widget\" data-settings=\"{&quot;slides_to_show&quot;:&quot;5&quot;,&quot;slides_to_scroll&quot;:&quot;1&quot;,&quot;autoplay_speed&quot;:2000,&quot;image_spacing_custom&quot;:{&quot;unit&quot;:&quot;px&quot;,&quot;size&quot;:34,&quot;sizes&quot;:[]},&quot;speed&quot;:400,&quot;navigation&quot;:&quot;both&quot;,&quot;autoplay&quot;:&quot;yes&quot;,&quot;pause_on_hover&quot;:&quot;yes&quot;,&quot;pause_on_interaction&quot;:&quot;yes&quot;,&quot;infinite&quot;:&quot;yes&quot;,&quot;image_spacing_custom_tablet&quot;:{&quot;unit&quot;:&quot;px&quot;,&quot;size&quot;:&quot;&quot;,&quot;sizes&quot;:[]},&quot;image_spacing_custom_mobile&quot;:{&quot;unit&quot;:&quot;px&quot;,&quot;size&quot;:&quot;&quot;,&quot;sizes&quot;:[]}}\" data-widget_type=\"image-carousel.default\">\n\t\t\t\t\t\t\t<div class=\"elementor-image-carousel-wrapper swiper\" role=\"region\" aria-roledescription=\"carousel\" aria-label=\"Carrusel de im\u00e1genes\" dir=\"ltr\">\n\t\t\t<div class=\"elementor-image-carousel swiper-wrapper\" aria-live=\"off\">\n\t\t\t\t\t\t\t\t<div class=\"swiper-slide\" role=\"group\" aria-roledescription=\"slide\" aria-label=\"1 de 15\"><figure class=\"swiper-slide-inner\"><img decoding=\"async\" class=\"swiper-slide-image\" src=\"https:\/\/prueba.latorredehortaleza.org\/wp-content\/uploads\/2025\/06\/Sello-ONG-Acreditada-1.png\" alt=\"Sello-ONG-Acreditada\" \/><\/figure><\/div><div class=\"swiper-slide\" role=\"group\" aria-roledescription=\"slide\" aria-label=\"2 de 15\"><figure class=\"swiper-slide-inner\"><img decoding=\"async\" class=\"swiper-slide-image\" src=\"https:\/\/prueba.latorredehortaleza.org\/wp-content\/uploads\/2025\/06\/isologo-Esta-entidad-pertenece-1-768x634.jpg\" alt=\"isologo - Esta entidad pertenece\" \/><\/figure><\/div><div class=\"swiper-slide\" role=\"group\" aria-roledescription=\"slide\" aria-label=\"3 de 15\"><figure class=\"swiper-slide-inner\"><img decoding=\"async\" class=\"swiper-slide-image\" src=\"https:\/\/prueba.latorredehortaleza.org\/wp-content\/uploads\/2025\/06\/educo-1.png\" alt=\"educo\" \/><\/figure><\/div><div class=\"swiper-slide\" role=\"group\" aria-roledescription=\"slide\" aria-label=\"4 de 15\"><figure class=\"swiper-slide-inner\"><img decoding=\"async\" class=\"swiper-slide-image\" src=\"https:\/\/prueba.latorredehortaleza.org\/wp-content\/uploads\/2025\/06\/Logo_Infancia-en-el-Centro_-fondo-trasparente-1-768x742.png\" alt=\"Logo_Infancia en el Centro_ fondo trasparente\" \/><\/figure><\/div><div class=\"swiper-slide\" role=\"group\" aria-roledescription=\"slide\" aria-label=\"5 de 15\"><figure class=\"swiper-slide-inner\"><img decoding=\"async\" class=\"swiper-slide-image\" src=\"https:\/\/prueba.latorredehortaleza.org\/wp-content\/uploads\/2025\/06\/ParroquiaGuadalupe-1.png\" alt=\"ParroquiaGuadalupe\" \/><\/figure><\/div><div class=\"swiper-slide\" role=\"group\" aria-roledescription=\"slide\" aria-label=\"6 de 15\"><figure class=\"swiper-slide-inner\"><img decoding=\"async\" class=\"swiper-slide-image\" src=\"https:\/\/prueba.latorredehortaleza.org\/wp-content\/uploads\/2025\/06\/banco-mediolanum-logo-770-1-768x419.jpg\" alt=\"banco-mediolanum-logo-770\" \/><\/figure><\/div><div class=\"swiper-slide\" role=\"group\" aria-roledescription=\"slide\" aria-label=\"7 de 15\"><figure class=\"swiper-slide-inner\"><img decoding=\"async\" class=\"swiper-slide-image\" src=\"https:\/\/prueba.latorredehortaleza.org\/wp-content\/uploads\/2025\/06\/image-3-768x998.png\" alt=\"image\" \/><\/figure><\/div><div class=\"swiper-slide\" role=\"group\" aria-roledescription=\"slide\" aria-label=\"8 de 15\"><figure class=\"swiper-slide-inner\"><img decoding=\"async\" class=\"swiper-slide-image\" src=\"https:\/\/prueba.latorredehortaleza.org\/wp-content\/uploads\/2025\/06\/image-1-1.png\" alt=\"image (1)\" \/><\/figure><\/div><div class=\"swiper-slide\" role=\"group\" aria-roledescription=\"slide\" aria-label=\"9 de 15\"><figure class=\"swiper-slide-inner\"><img decoding=\"async\" class=\"swiper-slide-image\" src=\"https:\/\/prueba.latorredehortaleza.org\/wp-content\/uploads\/2025\/06\/image-2-1.png\" alt=\"image (2)\" \/><\/figure><\/div><div class=\"swiper-slide\" role=\"group\" aria-roledescription=\"slide\" aria-label=\"10 de 15\"><figure class=\"swiper-slide-inner\"><img decoding=\"async\" class=\"swiper-slide-image\" src=\"https:\/\/prueba.latorredehortaleza.org\/wp-content\/uploads\/2025\/06\/AYTO-1-e1751556545680.png\" alt=\"AYTO\" \/><\/figure><\/div><div class=\"swiper-slide\" role=\"group\" aria-roledescription=\"slide\" aria-label=\"11 de 15\"><figure class=\"swiper-slide-inner\"><img decoding=\"async\" class=\"swiper-slide-image\" src=\"https:\/\/prueba.latorredehortaleza.org\/wp-content\/uploads\/2025\/06\/image-4-1-e1751556469578.png\" alt=\"image (4)\" \/><\/figure><\/div><div class=\"swiper-slide\" role=\"group\" aria-roledescription=\"slide\" aria-label=\"12 de 15\"><figure class=\"swiper-slide-inner\"><img decoding=\"async\" class=\"swiper-slide-image\" src=\"https:\/\/prueba.latorredehortaleza.org\/wp-content\/uploads\/2025\/06\/image-5-1-e1751556700449.png\" alt=\"image (5)\" \/><\/figure><\/div><div class=\"swiper-slide\" role=\"group\" aria-roledescription=\"slide\" aria-label=\"13 de 15\"><figure class=\"swiper-slide-inner\"><img decoding=\"async\" class=\"swiper-slide-image\" src=\"https:\/\/prueba.latorredehortaleza.org\/wp-content\/uploads\/2025\/06\/image-6-1.png\" alt=\"image (6)\" \/><\/figure><\/div><div class=\"swiper-slide\" role=\"group\" aria-roledescription=\"slide\" aria-label=\"14 de 15\"><figure class=\"swiper-slide-inner\"><img decoding=\"async\" class=\"swiper-slide-image\" src=\"https:\/\/prueba.latorredehortaleza.org\/wp-content\/uploads\/2025\/06\/image-8-1.png\" alt=\"image (8)\" \/><\/figure><\/div><div class=\"swiper-slide\" role=\"group\" aria-roledescription=\"slide\" aria-label=\"15 de 15\"><figure class=\"swiper-slide-inner\"><img decoding=\"async\" class=\"swiper-slide-image\" src=\"https:\/\/prueba.latorredehortaleza.org\/wp-content\/uploads\/2025\/06\/image8-1.png\" alt=\"image(8)\" \/><\/figure><\/div>\t\t\t<\/div>\n\t\t\t\t\t\t\t\t\t\t\t\t<div class=\"elementor-swiper-button elementor-swiper-button-prev\" role=\"button\" tabindex=\"0\">\n\t\t\t\t\t\t<svg aria-hidden=\"true\" class=\"e-font-icon-svg e-eicon-chevron-left\" viewBox=\"0 0 1000 1000\" xmlns=\"http:\/\/www.w3.org\/2000\/svg\"><path d=\"M646 125C629 125 613 133 604 142L308 442C296 454 292 471 292 487 292 504 296 521 308 533L604 854C617 867 629 875 646 875 663 875 679 871 692 858 704 846 713 829 713 812 713 796 708 779 692 767L438 487 692 225C700 217 708 204 708 187 708 171 704 154 692 142 675 129 663 125 646 125Z\"><\/path><\/svg>\t\t\t\t\t<\/div>\n\t\t\t\t\t<div class=\"elementor-swiper-button elementor-swiper-button-next\" role=\"button\" tabindex=\"0\">\n\t\t\t\t\t\t<svg aria-hidden=\"true\" class=\"e-font-icon-svg e-eicon-chevron-right\" viewBox=\"0 0 1000 1000\" xmlns=\"http:\/\/www.w3.org\/2000\/svg\"><path d=\"M696 533C708 521 713 504 713 487 713 471 708 454 696 446L400 146C388 133 375 125 354 125 338 125 325 129 313 142 300 154 292 171 292 187 292 204 296 221 308 233L563 492 304 771C292 783 288 800 288 817 288 833 296 850 308 863 321 871 338 875 354 875 371 875 388 867 400 854L696 533Z\"><\/path><\/svg>\t\t\t\t\t<\/div>\n\t\t\t\t\n\t\t\t\t\t\t\t\t\t<div class=\"swiper-pagination\"><\/div>\n\t\t\t\t\t\t\t\t\t<\/div>\n\t\t\t\t\t\t<\/div>\n\t\t\t\t\t<\/div>\n\t\t\t\t<\/div>\n\t\t\t\t<\/div>\n\t\t","protected":false},"excerpt":{"rendered":"<p>TRANSPARENCIA ACTIVIDADES MEMORIA Consulta la memoria de actividades de 2024 CUENTAS ANUALES Consulta las cuentas anuales de la asociaci\u00f3n de 2024 ESTATUTOS ASOCIACI\u00d3N Conoce los estatutos de la Asociaci\u00f3n IGUALDAD PLAN Consulta el plan de igualdad de la asociaci\u00f3n CALIDAD PLAN Consulta el plan de calidad y transparencia de la asociaci\u00f3n PROTOCOLO BUEN TRATO Conoce [&hellip;]<\/p>\n","protected":false},"author":1,"featured_media":0,"parent":0,"menu_order":0,"comment_status":"closed","ping_status":"closed","template":"","meta":{"footnotes":""},"class_list":["post-1243","page","type-page","status-publish","hentry"],"_links":{"self":[{"href":"https:\/\/prueba.latorredehortaleza.org\/index.php?rest_route=\/wp\/v2\/pages\/1243","targetHints":{"allow":["GET"]}}],"collection":[{"href":"https:\/\/prueba.latorredehortaleza.org\/index.php?rest_route=\/wp\/v2\/pages"}],"about":[{"href":"https:\/\/prueba.latorredehortaleza.org\/index.php?rest_route=\/wp\/v2\/types\/page"}],"author":[{"embeddable":true,"href":"https:\/\/prueba.latorredehortaleza.org\/index.php?rest_route=\/wp\/v2\/users\/1"}],"replies":[{"embeddable":true,"href":"https:\/\/prueba.latorredehortaleza.org\/index.php?rest_route=%2Fwp%2Fv2%2Fcomments&post=1243"}],"version-history":[{"count":106,"href":"https:\/\/prueba.latorredehortaleza.org\/index.php?rest_route=\/wp\/v2\/pages\/1243\/revisions"}],"predecessor-version":[{"id":2862,"href":"https:\/\/prueba.latorredehortaleza.org\/index.php?rest_route=\/wp\/v2\/pages\/1243\/revisions\/2862"}],"wp:attachment":[{"href":"https:\/\/prueba.latorredehortaleza.org\/index.php?rest_route=%2Fwp%2Fv2%2Fmedia&parent=1243"}],"curies":[{"name":"wp","href":"https:\/\/api.w.org\/{rel}","templated":true}]}}